-4 + -1 + -12 + 2 + 1?
-37
What is the value of -8 - 0 - ((0 - (-47 - -81)) + -75)?
101
Calculate -2593 + 2553 - (60 + -1) - -20.
-79
What is the value of 11 + -11 + 79 + -78 + 60 + -21?
40
Evaluate -61 - (-12 - (-8 + -4 - (-20 - -6))).
-47
-24 - (2 + (4 + -3 - -4) - 26 - -10)
-15
What is the value of -52 - (-91 + -18) - 120?
-63
Evaluate 1 + (7 - (-7 - (38 - -35) - (-1 + -9))).
78
Calculate 12 + -7 + -11 + 14 + -7 - (6 + 8).
-13
What is (-3 - (-7 + 24)) + (-12 - 0)?
-32
What is the value of -2 + -3 - (19 - (-17 - -39))?
-2
What is the value of 12 + (-14 - (4 + (-24 - -12) + 1))?
5
Calculate -26 + (9 - 1) - -44.
26
Calculate -1110 + 1097 + 2 + (-15 - 3).
-29
What is the value of -39 + -3 - (4 - 17 - (30 + -47))?
-46
38 + (-42 - (33 + -1))
-36
-7 - -14 - (-133 - -101) - 122
-83
-25 + -26 - (-11 - 6)
-34
What is the value of -1 + (-6 + 10 - 2) + 13 - 14?
0
Calculate 29 - (-26 + -18 + (13 - -14)).
46
What is the value of -6 - (67 + -80 + 29 + 4 + 34)?
-60
What is -20 - 22 - (3 + -4 - (-10 - 2))?
-53
Evaluate (4207 - 4229) + (0 - 39).
-61
What is the value of -16 + (10 - (7 - (9 + -4) - -8)) + 3?
-13
What is the value of 126 + -78 + 16 + (-2 - 1 - (5 + -2))?
58
What is the value of (-2 - -163) + -370 + 329 - 7?
113
-70 - -35 - -1 - -35
1
What is -2832 - -2693 - (-75 - -1)?
-65
Calculate 65 - (69 - 15 - -56).
-45
Evaluate -30 - -24 - ((12 + -1 - 20) + 10).
-7
Calculate -34 + ((9 - 7) + 11 + -12 - (-2 + -5)).
-26
Evaluate (-25 - -56) + -18 + (-8 - -6).
11
What is the value of -39 - ((8 - 1) + -721 + 730)?
-55
Evaluate (-8 - (-1 - -3) - (142 - (-89 - -182))) + 10.
-49
Calculate 0 - -14 - ((44 - 87) + 60 + -9).
6
What is 14 + 1 + (-32 - -49) + -49?
-17
What is the value of 13 + 2 + -11 + 1 + 30 + 25 + 9?
69
-13 + -8 + (-7 - -1) + -44 + -1 + -12
-84
What is the value of -22 + 9 + (-6 - -26) - -22?
29
Evaluate 95 + (12 - 11 - 124).
-28
(-27 - (-47 + -18)) + -53 - (93 + 3)
-111
Calculate -2 + (6 - (-11 + 14)) + (1 - -5) + 52.
59
-11 + 4 + 18 + (-20 - -25)
16
What is 5 - ((3 - -14) + -28 + 54)?
-38
Evaluate 37 + -21 - 8 - 8.
0
What is 29 + (13 - (21 - 36)) + (3 - -4)?
64
What is the value of -6496 + 6509 - (73 + -2 + 2)?
-60
What is 3 + 3 - (-9 + (23 - (3 + 15)))?
10
Calculate (0 - (-8 - -29 - 21)) + 27.
27
2 + 7 + 1 + 61 + -26 + -102 + 62
5
Calculate 4 + -1 + -9 + 25 + -20.
-1
Evaluate (13 - ((14 - 19) + 15 - -1)) + 15.
17
-149 + 159 - ((-2 - -1) + -53 + 9) - 2
53
Calculate 12 + (-10 - -32 - (86 + -7)).
-45
Evaluate -41 + (20 - 16 - 11) + 8 + -2.
-42
Calculate -34 + (105 - (103 - -27)).
-59
What is the value of -450 - -496 - (16 + 2)?
28
What is the value of 0 + 20 - (12 + (10 - 15)) - 36?
-23
What is the value of (1 + (-3 - -18) - (140 - 131)) + (-7 - 0)?
0
What is (-8 - (11 - (16 - 1 - -4))) + -54?
-54
What is the value of (-11 - -6) + 19 + (-1 - -9 - (-2 + -1))?
25
What is 4 - (-43 - 3) - (746 - 748)?
52
What is the value of 55 - (9 + (27 - 4))?
23
What is 4 + (12 - (-12 - (-15 - -19) - 18))?
50
Calculate (27 - (3 + -5 + 2)) + -108 + 106.
25
What is 12 + 34 + (5 - 120) + 45?
-24
28 + 32 + (-13 - 0) + (-2 - 16)
29
What is (-23 - 36 - -199) + -71?
69
Evaluate -1 - -2 - 10 - (-116 - (-104 - 11)).
-8
Calculate (-48 - -52) + -113 + 47.
-62
Evaluate (27 - 41) + -12 + 19 + 1.
-6
-13 + 1 - (17 + (15 - (40 + 0)) - -56)
-60
Calculate 5 - (1 - 2) - -33 - (271 - 264).
32
Evaluate 42 + 3 + (11 - -37 - 79).
14
Calculate 9 + -1 + -19 + 24 + -10 + -2 - 39.
-38
Evaluate ((31 - 66) + 20 - (2 + -8)) + -11.
-20
What is the value of -56 + 39 - 12 - (-2 - 2 - (-8 + -5))?
-38
Evaluate -3 + -121 + (-3 + -5 - (92 + -112)).
-112
What is -205 + 87 + 246 + -244?
-116
What is the value of -32 + (17 - -1) - (1 + 34)?
-49
Evaluate (5 - (23 - 2)) + (-258 - -265) - 2.
-11
What is the value of -8 + 17 + 4 + -14 + 51 + 79?
129
Evaluate -3560 - -3520 - (0 + 1 + (5 - 8)).
-38
52 - 27 - 6 - 36
-17
63 + 1 + (-5 + 19 + -10 - (1 - 0))
67
10 + (-16 - -28 - 8) - -87 - (2 + -3)
102
Evaluate -5 - (-42 - (-11 - 11)) - 44.
-29
What is -4 - -6 - (-3 + 78 - (14 - 9))?
-68
-54 + -22 - (-130 - 2)
56
What is -23 + (1 - -13 - (-292 + 282))?
1
What is (-4529 - -4524) + -2 + 1 + 2 + -1 + 1?
-4
Evaluate 41 - (86 - 10 - 43).
8
Evaluate 120 + -73 + 54 - 45.
56
Calculate -15 + -44 + 21 + -10 + 4 + -11.
-55
Evaluate ((3 - 1) + -1 - -4) + -7 + (-4 - -11).
5
What is the value of -6 - (-5 + -6) - -8 - -12?
25
Evaluate 5 - (17 - ((-3 - 16) + -10 + 4)).
-37
What is the value of 0 - (-65 - 0) - (908 - 895) - (-11 + 21)?
42
(-64 - 1) + 4 - (36 + 55 + -103)
-49
(-24 + -5 - 0) + (-7 - -16) + 1 + -5
-24
(48 - (3 - 0)) + 7 + -9 + -19 + 21
45
(-13 - -4) + (0 + -6 - 0 - -18)
3
What is the value of 11 + (-23 - (-17 - -13)) + -17?
-25
What is the value of -80 + 98 - (-5 - -9) - (-1 + 0)?
15
Evaluate (16 - 53) + -14 + 24 + 26.
-1
-98 + (-31 + 57 - -22)
-50
What is the value of 46 + (42 + -60 - -40) + -4?
64
(-30 - 1) + (17 - 0) - 41
-55
Evaluate 21 + -18 + (-4 - 4) + 30 + -6.
19
5 + (-10 - -77 - 29) + -18
25
Evaluate -3 - -77 - (-3 - -4) - (54 - (42 - -11)).
72
Evaluate -8 + 0 - (2 + 2 + -9 + -1 - -1).
-3
12 + (9 + -23 - -5) - -33 - 14
22
Calculate (-42 + 33 - -35) + -76.
-50
Calculate (-2 - (-7 + 4)) + (37 - 55) + 4 + -2.
-15
What is the value of 135 - 64 - (8 + 32)?
31
What is the value of (6 - (33 - (-4 + 22))) + -71?
-80
What is -19 - ((-3 - 7 - -18) + 22)?
-49
What is -1 + -50 - (-242 - (-154 - -87))?
124
(-21 + 44 - -92) + -46
69
Evaluate -99 + -32 - (-78 + -63).
10
Calculate -44 - (-75 - (-71 - -5)).
-35
Evaluate -694 + 705 - (53 - (9 - (-1 + 2 + 3))).
-37
What is the value of 0 - 33 - (-335 + 325) - 0 - 14?
-37
Calculate -656 + (119 - -543) + 40 + (-2 - -1).
45
7 + 23 + -45 + 18 - 7 - (-2 + 97)
-99
34 + -14 - 1 - 7 - -30
42
What is the value of (74 - 1) + -1848 + 1789?
14
What is the value of 50 - ((-21 - -44) + 44)?
-17
What is 4461 + -4439 - (-1 + (17 - 1)) - 30?
-23
What is the value of 11025 + -10973 - (-1 - 0 - 2)?
55
0 + 1 + (86 - (-69 + 180)) + 0 + 24
0
What is -105 - (-25 + -1 + 5 - (6 - 14))?
-92
What is (3 - 8) + (31 - 30 - -92)?
88
Calculate -8 + -3 - (1856 + -1923).
56
What is the value of -23 - -2 - (229 + -391 - -86)?
55
-38 - (17 - ((-20 - -4) + 22))
-49
Evaluate -47 + (13 - (-17 - 0)) - -60.
43
16 + 3 + -30 + (61 - 2) + -4
44
Calculate -46 - (-31 - (28 + -56) - 31).
-12
What is the value of -3 + (6 - 3 - -2) + 97 - (-245 - -257)?
87
What is (112 - ((-12 - -35) + -12 + -22)) + 1?
124
What is the value of (-2 - (-42 - 4)) + (-27 - (-4 - 24)) - -4?
49
(0 - 2) + 12 + (4209 - 4167)
52
What is -219 + (-36 - -185) - -150?
80
What is (-9 - 0 - 1 - -10) + -28 + (6 - 1)?
-23
Calculate (0 - -3 - (29 - 12 - 20)) + -7 + 121.
120
-100 + (7 - (-15 - (-3 + 3))) + 21 + -36
-93
-78 - ((55 - 25) + -9 + -4)
-95
What is 25 + -16 + 8 + 50?
67
Calculate -4 + 8 - (-197 - -237).
-36
Calculate -32 + 34 + 52 + 15.
69
Evaluate -49 - (-33 + 69 - 77).
-8
3 + (14 + -20 - (3 - (0 - -4)))
-2
Evaluate 1 + -33 + -93 - (6 - (12 + -5 - -3)).
-121
75 - 31 - (-6 - -2) - 16
32
Evaluate -65 + 1 + 6235 + -6191.
-20
Evaluate (57 - (-103 - -127)) + 64.
97
Calculate (-70 - -196) + -124 + -74.
-72
Calculate -3 - (15 - -15) - -41.
8
What is the value of -2619 - -2670 - (34 + 0)?
17
Calculate 0 + 0 + -1 + -3 - (52 - (-29 - -110)).
25
What is 1407 + -1506 - (2 - 108)?
7
Evaluate (114 - (-6 - -4)) + -7 + 45 + -36.
118
What is -9 - (0 + -1 + 405 + -367)?
-46
What is 115 + (7 + -7 - (-20 + (11 - -5)))?
119
Calculate 1 - (15 + 0 + -15 + 9) - (-56 + 4).
44
Calculate (-67 - (11 + -227)) + -95.
54
-91 + 2 + (1 - -126) + -157
-119
Evaluate 0 + 0 - -6 - (13 + -51 + 17 - -14).
13
Calculate -22 + (11 + -30 - -27 - -7).
-7
What is the value of (3 - (99 + -70)) + 34 + 4?
12
What is -58 + (-11 + -5 - (-27 + 0))?
-47
What is the value of 1 + 12 + (72 - 23) + -14 + -30?
18
28 + (-178 + 240 - (40 + 2))
48
Evaluate -222 - -224 - (64 - 8).
-54
What is the value of -30 + 20 + -17 - ((4 - 16) + 15 + -3)?
-27
Calculate (-116 - (-124 + -9)) + -161.
-144
Calculate -1 + 4 + -4 + (-3 - ((-18 - -14) + 37)).
-37
What is (-78 - 0) + 1219 + -1068?
73
What is the value of (3 - -7) + (97 + -109 - (-3 - -17))?
-16
658 - 694 - (7 - -1)
-44
What is the value of 999 - 976 - (1 + 2 + 44)?
-24
Evaluate (-7 - -18 - 5) + 590 + -604.
-8
Evaluate -504 + 487 + -3 + (3 - -9) + -2 + 100.
9